{"id":181,"date":"2022-02-15T12:03:16","date_gmt":"2022-02-15T12:03:16","guid":{"rendered":"http:\/\/www.succanarias.com\/suc\/?page_id=181"},"modified":"2025-04-22T09:29:53","modified_gmt":"2025-04-22T09:29:53","slug":"aviso-legal","status":"publish","type":"page","link":"https:\/\/www.succanarias.com\/suc\/aviso-legal\/","title":{"rendered":"Aviso legal"},"content":{"rendered":"<div class=\"vc_row wpb_row section vc_row-fluid grid_section\">\n<div class=\" section_inner clearfix\">\n<div class=\"section_inner_margin clearfix\">\n<div class=\"wpb_column vc_column_container vc_col-sm-12\">\n<div class=\"vc_column-inner\">\n<div class=\"wpb_wrapper\">\n<div class=\"wpb_text_column wpb_content_element \">\n<div class=\"wpb_wrapper\">\n<p class=\"auto-style1\" align=\"justify\">En cumplimiento de lo establecido en la Ley 34\/2002, de 11 de julio, de Servicios de la Sociedad de la informaci\u00f3n y de Comercio Electr\u00f3nico, ponemos en su conocimiento que <a href=\"https:\/\/www.gsccanarias.com\" target=\"_blank\" rel=\"noopener\">GESTION DE SERVICIOS PARA LA SALUD Y SEGURIDAD EN CANARIAS S.A.<\/a> (GSC), con CIF A-35378066 figura inscrita en el Registro Mercantil de LAS PALMAS, Tomo 1184, folio 193, Hoja GC-11232, inscripci\u00f3n 1\u00aa, y tiene su domicilio social en la C\/ Real del Castillo, 152. Quinta Planta, Hospital Juan Carlos I. Ala Centro, 35014 de Las Palmas de Gran Canaria.<\/p>\n<p class=\"auto-style1\" align=\"justify\">Si desea contactar con nosotros puede hacerlo a trav\u00e9s de cualquiera de los siguientes medios:<\/p>\n<p><span class=\"auto-style1\">En cumplimiento de las medidas adoptadas para la gesti\u00f3n de la situaci\u00f3n de crisis sanitaria ocasionada por el COVID-19, la atenci\u00f3n al p\u00fablico en GSC se realizar\u00e1 de forma telef\u00f3nica y telem\u00e1tica. La atenci\u00f3n presencial estar\u00e1\u00a0<strong>limitada exclusivamente a la solicitud de cita previa\u00a0<\/strong>con el departamento correspondiente, si as\u00ed se estima necesario.<\/span><span class=\"auto-style1\">\u00a0<\/span><\/p>\n<p><span class=\"auto-style1\">[+34]<\/span><span class=\"auto-style1\">\u00a0<\/span><span class=\"auto-style1\">922 238 600 \u2013 Santa Cruz de Tenerife<\/span><\/p>\n<p><span class=\"auto-style1\">[+34]<\/span><span class=\"auto-style1\">\u00a0928 498 600 \u2013 Las Palmas<\/span><\/p>\n<p><span class=\"auto-style1\">De lunes a viernes, de\u00a0<strong>09:00<\/strong>h a\u00a0<strong>14:00<\/strong>h<\/span><\/p>\n<p>&nbsp;<\/p>\n<p><span class=\"auto-style1\">Email:\u00a0<span id=\"cloakdb265f4929e8c0372454a73d05f3ff02\"><a href=\"mailto:facturacion@gsccanarias.com\">facturacion@gsccanarias.com<\/a><\/span>\u00a0(Facturaci\u00f3n Transporte Sanitario \u2013 Las Palmas)<\/span><\/p>\n<p><span class=\"auto-style1\">Email:\u00a0<span id=\"cloakdec3b2ead4e870fc8bd1f76321854c31\"><a href=\"mailto:facturacion@gsccanarias.com\">facturaciontfe@gsccanarias.com<\/a><\/span>\u00a0(Facturaci\u00f3n Transporte Sanitario \u2013 Santa Cruz de Tenerife)<\/span><\/p>\n<p><span class=\"auto-style1\">Email:\u00a0<span id=\"cloak2787949821c92f5f5c80f488f251d045\"><a href=\"mailto:apersonalizada@gsccanarias.com\">apersonalizada@gsccanarias.com<\/a><\/span>\u00a0 (Atenci\u00f3n Personalizada \u2013 Certificados y reclamaciones)<\/span><\/p>\n<p><span class=\"auto-style1\">Email:\u00a0<span id=\"cloak24bc1ea49f3f86b2275f1c1ba3b1c706\"><a href=\"mailto:gsc@gsccanarias.com\">gsc@gsccanarias.com<\/a><\/span>\u00a0 (Otros departamentos)<\/span><\/p>\n<p>&nbsp;<\/p>\n<p class=\"categoria\"><strong><span class=\"auto-style1\">Gran Canaria<\/span><\/strong><span class=\"auto-style1\"><br \/>\n<\/span><\/p>\n<p>C\/ Le\u00f3n y Castillo, 431-5\u00aa Plta.<\/p>\n<p>Edificio Servicios M\u00faltiples VI<\/p>\n<p>35007 \u2013 Las Palmas de Gran Canaria<span class=\"auto-style1\">Tel\u00e9fono: 928 498 600<br \/>\nFax: 928 274 274<\/span><\/p>\n<p><strong><br \/>\nTenerife<\/strong><\/p>\n<p>C\/ Avda. Bravo Murillo, 3-1\u00aa Planta<\/p>\n<p>Edificio Mapfre<\/p>\n<p>38003 \u2013 S\/C de Tenerife<\/p>\n<p>Tel\u00e9fono: 922 238 600<br \/>\nFax: 922 249 392<\/p>\n<\/div>\n<\/div>\n<\/div>\n<\/div>\n<\/div>\n<\/div>\n<\/div>\n<\/div>\n<div class=\"vc_row wpb_row section vc_row-fluid \">\n<div class=\" full_section_inner clearfix\">\n<div data-ogsc=\"rgb(0, 0, 0)\">\n<p><strong>\u00a0<\/strong><\/p>\n<\/div>\n<div class=\"wpb_column vc_column_container vc_col-sm-12\">\n<div class=\"vc_column-inner\">\n<div class=\"wpb_wrapper\">\n<div class=\"vc_empty_space\">\n<div class=\"x_elementToProof\" data-ogsc=\"rgb(0, 0, 0)\"><b data-ogsc=\"\" data-olk-copy-source=\"MessageBody\">Direcci\u00f3n fiscal<\/b><\/div>\n<div class=\"x_elementToProof\" data-ogsc=\"rgb(0, 0, 0)\"><b data-ogsc=\"\">Gesti\u00f3n de Servicios para la Salud y Seguridad en Canarias S.A.<\/b><\/div>\n<div class=\"x_elementToProof\" data-ogsc=\"rgb(0, 0, 0)\">CIF: A35378066, a la atenci\u00f3n del Departamento Econ\u00f3mico<\/div>\n<div class=\"x_elementToProof\" data-ogsc=\"rgb(0, 0, 0)\">C\/ Calle Le\u00f3n y Castillo n\u00famero 431, 3\u00aa planta, derecha.\u00a0 (Edificio Servicios M\u00faltiples VI)<\/div>\n<div class=\"x_elementToProof\" data-ogsc=\"rgb(0, 0, 0)\">C.P. 35007<\/div>\n<div class=\"x_elementToProof\" data-ogsc=\"rgb(0, 0, 0)\">Las Palmas de Gran Canaria<\/div>\n<\/div>\n<\/div>\n<\/div>\n<\/div>\n<\/div>\n<\/div>\n<div class=\"print\"><span class=\"page_title\">P\u00e1gina: <span>Aviso legal<\/span><\/span>\n\t\t\t\t\t\t\t\t\t\t\t<span class=\"stmp_trans_date\">\u00daltima actualizaci\u00f3n: <span>22\/04\/2025 - 09:29:53<\/span><\/span>\n\t\t\t\t\t\t\t\t\t\t\t<span class=\"stmp_trans_date\">Fecha publicaci\u00f3n: <span>15\/02\/2022 - 12:03:16<\/span><\/span>\n\t\t\t\t\t\t\t\t\t\t\t<span class=\"stmp_trans_date\">Fecha creaci\u00f3n: <span>15\/02\/2022 - 12:03:16<\/span><\/span><\/div>","protected":false},"excerpt":{"rendered":"<p>En cumplimiento de lo establecido en la Ley 34\/2002, de 11 de julio, de Servicios de la Sociedad de la informaci\u00f3n y de Comercio Electr\u00f3nico, ponemos en su conocimiento que GESTION DE SERVICIOS PARA LA SALUD Y SEGURIDAD EN CANARIAS S.A. (GSC), con CIF A-35378066&#8230;<\/p>\n","protected":false},"author":1,"featured_media":0,"parent":0,"menu_order":0,"comment_status":"closed","ping_status":"closed","template":"","meta":{"footnotes":""},"class_list":["post-181","page","type-page","status-publish","has-post-thumbnail","hentry"],"_links":{"self":[{"href":"https:\/\/www.succanarias.com\/suc\/wp-json\/wp\/v2\/pages\/181","targetHints":{"allow":["GET"]}}],"collection":[{"href":"https:\/\/www.succanarias.com\/suc\/wp-json\/wp\/v2\/pages"}],"about":[{"href":"https:\/\/www.succanarias.com\/suc\/wp-json\/wp\/v2\/types\/page"}],"author":[{"embeddable":true,"href":"https:\/\/www.succanarias.com\/suc\/wp-json\/wp\/v2\/users\/1"}],"replies":[{"embeddable":true,"href":"https:\/\/www.succanarias.com\/suc\/wp-json\/wp\/v2\/comments?post=181"}],"version-history":[{"count":8,"href":"https:\/\/www.succanarias.com\/suc\/wp-json\/wp\/v2\/pages\/181\/revisions"}],"predecessor-version":[{"id":4095,"href":"https:\/\/www.succanarias.com\/suc\/wp-json\/wp\/v2\/pages\/181\/revisions\/4095"}],"wp:attachment":[{"href":"https:\/\/www.succanarias.com\/suc\/wp-json\/wp\/v2\/media?parent=181"}],"curies":[{"name":"wp","href":"https:\/\/api.w.org\/{rel}","templated":true}]}}